{"id":506,"date":"2025-05-25T11:59:25","date_gmt":"2025-05-25T09:59:25","guid":{"rendered":"http:\/\/www.eveilceramique.fr\/?page_id=506"},"modified":"2025-12-16T20:32:08","modified_gmt":"2025-12-16T19:32:08","slug":"historique","status":"publish","type":"page","link":"http:\/\/www.eveilceramique.fr\/index.php\/historique\/","title":{"rendered":"Historique"},"content":{"rendered":"\n<p class=\"has-large-font-size\" style=\"letter-spacing:2px\"><strong>Historique \/\/ \u2028<\/strong><br><br><strong>\u00c9veil C\u00e9ramique, march\u00e9 de potiers \u00e0 Corseul<\/strong><\/p>\n\n\n\n<div style=\"height:80px\" aria-hidden=\"true\" class=\"wp-block-spacer\"><\/div>\n\n\n\n<div class=\"wp-block-media-text is-stacked-on-mobile\" style=\"grid-template-columns:30% auto\"><figure class=\"wp-block-media-text__media\"><a href=\"http:\/\/www.eveilceramique.fr\/index.php\/historique\/nos-exposants-2025\/\"><img loading=\"lazy\" decoding=\"async\" width=\"819\" height=\"1024\" src=\"http:\/\/www.eveilceramique.fr\/wp-content\/uploads\/2025\/12\/Eveil-Affiche-1-819x1024.jpeg\" alt=\"\" class=\"wp-image-568 size-full\" srcset=\"http:\/\/www.eveilceramique.fr\/wp-content\/uploads\/2025\/12\/Eveil-Affiche-1-819x1024.jpeg 819w, http:\/\/www.eveilceramique.fr\/wp-content\/uploads\/2025\/12\/Eveil-Affiche-1-240x300.jpeg 240w, http:\/\/www.eveilceramique.fr\/wp-content\/uploads\/2025\/12\/Eveil-Affiche-1-120x150.jpeg 120w, http:\/\/www.eveilceramique.fr\/wp-content\/uploads\/2025\/12\/Eveil-Affiche-1-768x960.jpeg 768w, http:\/\/www.eveilceramique.fr\/wp-content\/uploads\/2025\/12\/Eveil-Affiche-1-1229x1536.jpeg 1229w, http:\/\/www.eveilceramique.fr\/wp-content\/uploads\/2025\/12\/Eveil-Affiche-1-1140x1425.jpeg 1140w, http:\/\/www.eveilceramique.fr\/wp-content\/uploads\/2025\/12\/Eveil-Affiche-1.jpeg 1536w\" sizes=\"auto, (max-width: 819px) 100vw, 819px\" \/><\/a><\/figure><div class=\"wp-block-media-text__content\">\n<p class=\"has-medium-font-size\" style=\"letter-spacing:2px\"><strong>2025 &#8211; 3\u00e8me \u00e9dition<\/strong><br><br>Pour cette troisi\u00e8me \u00e9dition de son march\u00e9 de potiers, une vingtaine de c\u00e9ramistes venus de tout l\u2019Ouest de la France ont pr\u00e9sent\u00e9 leur travail, r\u00e9v\u00e9lant la richesse des techniques, des mati\u00e8res et des rendus.<\/p>\n<\/div><\/div>\n\n\n\n<div style=\"height:100px\" aria-hidden=\"true\" class=\"wp-block-spacer\"><\/div>\n\n\n\n<div class=\"wp-block-media-text is-stacked-on-mobile\" style=\"grid-template-columns:30% auto\"><figure class=\"wp-block-media-text__media\"><a href=\"http:\/\/www.eveilceramique.fr\/index.php\/edition-2024\/\"><img loading=\"lazy\" decoding=\"async\" width=\"819\" height=\"1024\" src=\"http:\/\/www.eveilceramique.fr\/wp-content\/uploads\/2025\/12\/Eveil-Affiche-2024-819x1024.jpg\" alt=\"\" class=\"wp-image-569 size-full\" srcset=\"http:\/\/www.eveilceramique.fr\/wp-content\/uploads\/2025\/12\/Eveil-Affiche-2024-819x1024.jpg 819w, http:\/\/www.eveilceramique.fr\/wp-content\/uploads\/2025\/12\/Eveil-Affiche-2024-240x300.jpg 240w, http:\/\/www.eveilceramique.fr\/wp-content\/uploads\/2025\/12\/Eveil-Affiche-2024-120x150.jpg 120w, http:\/\/www.eveilceramique.fr\/wp-content\/uploads\/2025\/12\/Eveil-Affiche-2024-768x960.jpg 768w, http:\/\/www.eveilceramique.fr\/wp-content\/uploads\/2025\/12\/Eveil-Affiche-2024.jpg 1000w\" sizes=\"auto, (max-width: 819px) 100vw, 819px\" \/><\/a><\/figure><div class=\"wp-block-media-text__content\">\n<p class=\"has-medium-font-size\" style=\"letter-spacing:2px\"><strong>2024 &#8211; 2\u00e8me \u00e9dition<\/strong><br><br>Les 15 et 16 juin 2024, Corseul a accueilli la seconde \u00e9dition de son march\u00e9 de potiers, organis\u00e9e en partenariat avec l\u2019Arch\u00e9oMus\u00e9e Coriosolis et dans le cadre des Journ\u00e9es Europ\u00e9ennes de l\u2019Arch\u00e9ologie.<\/p>\n<\/div><\/div>\n\n\n\n<div style=\"height:100px\" aria-hidden=\"true\" class=\"wp-block-spacer\"><\/div>\n\n\n\n<div class=\"wp-block-media-text is-stacked-on-mobile\" style=\"grid-template-columns:30% auto\"><figure class=\"wp-block-media-text__media\"><img loading=\"lazy\" decoding=\"async\" width=\"720\" height=\"900\" src=\"http:\/\/www.eveilceramique.fr\/wp-content\/uploads\/2025\/12\/Affiche-Corseul-2022.jpeg\" alt=\"\" class=\"wp-image-567 size-full\" srcset=\"http:\/\/www.eveilceramique.fr\/wp-content\/uploads\/2025\/12\/Affiche-Corseul-2022.jpeg 720w, http:\/\/www.eveilceramique.fr\/wp-content\/uploads\/2025\/12\/Affiche-Corseul-2022-240x300.jpeg 240w, http:\/\/www.eveilceramique.fr\/wp-content\/uploads\/2025\/12\/Affiche-Corseul-2022-120x150.jpeg 120w\" sizes=\"auto, (max-width: 720px) 100vw, 720px\" \/><\/figure><div class=\"wp-block-media-text__content\">\n<p class=\"has-medium-font-size\" style=\"letter-spacing:2px\"><strong>2022 &#8211; 1\u00e8re \u00e9dition<\/strong><br><br>Les 18 et 19 juin 2022, Corseul a vu na\u00eetre la toute premi\u00e8re \u00e9dition de son march\u00e9 de potiers au c\u0153ur des ruines antiques.<\/p>\n<\/div><\/div>\n\n\n\n<p><\/p>\n","protected":false},"excerpt":{"rendered":"<p>Historique \/\/ \u2028 \u00c9veil C\u00e9ramique, march\u00e9 de potiers \u00e0 Corseul 2025 &#8211; 3\u00e8me \u00e9dition Pour cette troisi\u00e8me \u00e9dition de son march\u00e9 de potiers, une vingtaine de c\u00e9ramistes venus de tout l\u2019Ouest de la France ont pr\u00e9sent\u00e9 leur travail, r\u00e9v\u00e9lant la richesse des techniques, des mati\u00e8res et des rendus. 2024 &#8211; 2\u00e8me \u00e9dition Les 15 et 16 juin 2024, Corseul a accueilli la seconde \u00e9dition de son march\u00e9 de potiers, organis\u00e9e en partenariat avec l\u2019Arch\u00e9oMus\u00e9e Coriosolis et dans le cadre des Journ\u00e9es Europ\u00e9ennes de l\u2019Arch\u00e9ologie. 2022 &#8211; 1\u00e8re \u00e9dition Les 18 et 19 juin 2022, Corseul a vu na\u00eetre la toute premi\u00e8re \u00e9dition de son march\u00e9 de potiers au c\u0153ur des ruines antiques.<\/p>\n","protected":false},"author":3,"featured_media":0,"parent":0,"menu_order":0,"comment_status":"closed","ping_status":"closed","template":"","meta":{"footnotes":""},"class_list":["post-506","page","type-page","status-publish","hentry"],"_links":{"self":[{"href":"http:\/\/www.eveilceramique.fr\/index.php\/wp-json\/wp\/v2\/pages\/506","targetHints":{"allow":["GET"]}}],"collection":[{"href":"http:\/\/www.eveilceramique.fr\/index.php\/wp-json\/wp\/v2\/pages"}],"about":[{"href":"http:\/\/www.eveilceramique.fr\/index.php\/wp-json\/wp\/v2\/types\/page"}],"author":[{"embeddable":true,"href":"http:\/\/www.eveilceramique.fr\/index.php\/wp-json\/wp\/v2\/users\/3"}],"replies":[{"embeddable":true,"href":"http:\/\/www.eveilceramique.fr\/index.php\/wp-json\/wp\/v2\/comments?post=506"}],"version-history":[{"count":13,"href":"http:\/\/www.eveilceramique.fr\/index.php\/wp-json\/wp\/v2\/pages\/506\/revisions"}],"predecessor-version":[{"id":575,"href":"http:\/\/www.eveilceramique.fr\/index.php\/wp-json\/wp\/v2\/pages\/506\/revisions\/575"}],"wp:attachment":[{"href":"http:\/\/www.eveilceramique.fr\/index.php\/wp-json\/wp\/v2\/media?parent=506"}],"curies":[{"name":"wp","href":"https:\/\/api.w.org\/{rel}","templated":true}]}}

<p class="has-large-font-size" style="letter-spacing:2px"><strong>Historique //  </strong><br><br><strong>Éveil Céramique, marché de potiers à Corseul</strong></p>



<div style="height:80px" aria-hidden="true" class="wp-block-spacer"></div>



<div class="wp-block-media-text is-stacked-on-mobile" style="grid-template-columns:30% auto"><figure class="wp-block-media-text__media"><a href="http://www.eveilceramique.fr/index.php/historique/nos-exposants-2025/"><img loading="lazy" decoding="async" width="819" height="1024" src="http://www.eveilceramique.fr/wp-content/uploads/2025/12/Eveil-Affiche-1-819x1024.jpeg" alt="" class="wp-image-568 size-full" srcset="http://www.eveilceramique.fr/wp-content/uploads/2025/12/Eveil-Affiche-1-819x1024.jpeg 819w, http://www.eveilceramique.fr/wp-content/uploads/2025/12/Eveil-Affiche-1-240x300.jpeg 240w, http://www.eveilceramique.fr/wp-content/uploads/2025/12/Eveil-Affiche-1-120x150.jpeg 120w, http://www.eveilceramique.fr/wp-content/uploads/2025/12/Eveil-Affiche-1-768x960.jpeg 768w, http://www.eveilceramique.fr/wp-content/uploads/2025/12/Eveil-Affiche-1-1229x1536.jpeg 1229w, http://www.eveilceramique.fr/wp-content/uploads/2025/12/Eveil-Affiche-1-1140x1425.jpeg 1140w, http://www.eveilceramique.fr/wp-content/uploads/2025/12/Eveil-Affiche-1.jpeg 1536w" sizes="auto, (max-width: 819px) 100vw, 819px" /></a></figure><div class="wp-block-media-text__content">
<p class="has-medium-font-size" style="letter-spacing:2px"><strong>2025 &#8211; 3ème édition</strong><br><br>Pour cette troisième édition de son marché de potiers, une vingtaine de céramistes venus de tout l’Ouest de la France ont présenté leur travail, révélant la richesse des techniques, des matières et des rendus.</p>
</div></div>



<div style="height:100px" aria-hidden="true" class="wp-block-spacer"></div>



<div class="wp-block-media-text is-stacked-on-mobile" style="grid-template-columns:30% auto"><figure class="wp-block-media-text__media"><a href="http://www.eveilceramique.fr/index.php/edition-2024/"><img loading="lazy" decoding="async" width="819" height="1024" src="http://www.eveilceramique.fr/wp-content/uploads/2025/12/Eveil-Affiche-2024-819x1024.jpg" alt="" class="wp-image-569 size-full" srcset="http://www.eveilceramique.fr/wp-content/uploads/2025/12/Eveil-Affiche-2024-819x1024.jpg 819w, http://www.eveilceramique.fr/wp-content/uploads/2025/12/Eveil-Affiche-2024-240x300.jpg 240w, http://www.eveilceramique.fr/wp-content/uploads/2025/12/Eveil-Affiche-2024-120x150.jpg 120w, http://www.eveilceramique.fr/wp-content/uploads/2025/12/Eveil-Affiche-2024-768x960.jpg 768w, http://www.eveilceramique.fr/wp-content/uploads/2025/12/Eveil-Affiche-2024.jpg 1000w" sizes="auto, (max-width: 819px) 100vw, 819px" /></a></figure><div class="wp-block-media-text__content">
<p class="has-medium-font-size" style="letter-spacing:2px"><strong>2024 &#8211; 2ème édition</strong><br><br>Les 15 et 16 juin 2024, Corseul a accueilli la seconde édition de son marché de potiers, organisée en partenariat avec l’ArchéoMusée Coriosolis et dans le cadre des Journées Européennes de l’Archéologie.</p>
</div></div>



<div style="height:100px" aria-hidden="true" class="wp-block-spacer"></div>



<div class="wp-block-media-text is-stacked-on-mobile" style="grid-template-columns:30% auto"><figure class="wp-block-media-text__media"><img loading="lazy" decoding="async" width="720" height="900" src="http://www.eveilceramique.fr/wp-content/uploads/2025/12/Affiche-Corseul-2022.jpeg" alt="" class="wp-image-567 size-full" srcset="http://www.eveilceramique.fr/wp-content/uploads/2025/12/Affiche-Corseul-2022.jpeg 720w, http://www.eveilceramique.fr/wp-content/uploads/2025/12/Affiche-Corseul-2022-240x300.jpeg 240w, http://www.eveilceramique.fr/wp-content/uploads/2025/12/Affiche-Corseul-2022-120x150.jpeg 120w" sizes="auto, (max-width: 720px) 100vw, 720px" /></figure><div class="wp-block-media-text__content">
<p class="has-medium-font-size" style="letter-spacing:2px"><strong>2022 &#8211; 1ère édition</strong><br><br>Les 18 et 19 juin 2022, Corseul a vu naître la toute première édition de son marché de potiers au cœur des ruines antiques.</p>
</div></div>



<p></p>

<p>Historique //   Éveil Céramique, marché de potiers à Corseul 2025 &#8211; 3ème édition Pour cette troisième édition de son marché de potiers, une vingtaine de céramistes venus de tout l’Ouest de la France ont présenté leur travail, révélant la richesse des techniques, des matières et des rendus. 2024 &#8211; 2ème édition Les 15 et 16 juin 2024, Corseul a accueilli la seconde édition de son marché de potiers, organisée en partenariat avec l’ArchéoMusée Coriosolis et dans le cadre des Journées Européennes de l’Archéologie. 2022 &#8211; 1ère édition Les 18 et 19 juin 2022, Corseul a vu naître la toute première édition de son marché de potiers au cœur des ruines antiques.</p>
