{"id":248,"date":"2024-11-30T14:49:23","date_gmt":"2024-11-30T13:49:23","guid":{"rendered":"http:\/\/www.eveilceramique.fr\/?page_id=248"},"modified":"2025-11-21T12:02:28","modified_gmt":"2025-11-21T11:02:28","slug":"nos-partenaires","status":"publish","type":"page","link":"http:\/\/www.eveilceramique.fr\/index.php\/edition-2024\/nos-partenaires\/","title":{"rendered":"Nos partenaires"},"content":{"rendered":"\n<p class=\"has-large-font-size\" style=\"letter-spacing:2px\"><strong>Nos partenaires \/\/ \u2028<\/strong><br><br><strong>\u00c9veil C\u00e9ramique, march\u00e9 de potiers \u00e0 Corseul\u2028<\/strong><br><br><strong>13 &amp; 14 Juin 2026<\/strong><\/p>\n\n\n\n<div style=\"height:80px\" aria-hidden=\"true\" class=\"wp-block-spacer\"><\/div>\n\n\n\n<div class=\"wp-block-columns is-layout-flex wp-container-core-columns-is-layout-9d6595d7 wp-block-columns-is-layout-flex\">\n<div class=\"wp-block-column is-layout-flow wp-block-column-is-layout-flow\" style=\"flex-basis:100%\"><\/div>\n<\/div>\n\n\n\n<figure class=\"wp-block-gallery has-nested-images columns-default is-cropped wp-block-gallery-1 is-layout-flex wp-block-gallery-is-layout-flex\">\n<figure class=\"wp-block-image size-large\"><img loading=\"lazy\" decoding=\"async\" width=\"500\" height=\"500\" data-id=\"253\" src=\"http:\/\/www.eveilceramique.fr\/wp-content\/uploads\/2024\/11\/IMG_0707-1.jpg\" alt=\"\" class=\"wp-image-253\" srcset=\"http:\/\/www.eveilceramique.fr\/wp-content\/uploads\/2024\/11\/IMG_0707-1.jpg 500w, http:\/\/www.eveilceramique.fr\/wp-content\/uploads\/2024\/11\/IMG_0707-1-300x300.jpg 300w, http:\/\/www.eveilceramique.fr\/wp-content\/uploads\/2024\/11\/IMG_0707-1-150x150.jpg 150w, http:\/\/www.eveilceramique.fr\/wp-content\/uploads\/2024\/11\/IMG_0707-1-75x75.jpg 75w\" sizes=\"auto, (max-width: 500px) 100vw, 500px\" \/><\/figure>\n\n\n\n<figure class=\"wp-block-image size-large\"><img loading=\"lazy\" decoding=\"async\" width=\"512\" height=\"512\" data-id=\"255\" src=\"http:\/\/www.eveilceramique.fr\/wp-content\/uploads\/2024\/11\/IMG_0709.jpg\" alt=\"\" class=\"wp-image-255\" srcset=\"http:\/\/www.eveilceramique.fr\/wp-content\/uploads\/2024\/11\/IMG_0709.jpg 512w, http:\/\/www.eveilceramique.fr\/wp-content\/uploads\/2024\/11\/IMG_0709-300x300.jpg 300w, http:\/\/www.eveilceramique.fr\/wp-content\/uploads\/2024\/11\/IMG_0709-150x150.jpg 150w, http:\/\/www.eveilceramique.fr\/wp-content\/uploads\/2024\/11\/IMG_0709-75x75.jpg 75w\" sizes=\"auto, (max-width: 512px) 100vw, 512px\" \/><\/figure>\n\n\n\n<figure class=\"wp-block-image size-large\"><img loading=\"lazy\" decoding=\"async\" width=\"1024\" height=\"734\" data-id=\"481\" src=\"http:\/\/www.eveilceramique.fr\/wp-content\/uploads\/2025\/05\/ICI-ARMORIQUE-scaled-1-1024x734.jpg\" alt=\"\" class=\"wp-image-481\" srcset=\"http:\/\/www.eveilceramique.fr\/wp-content\/uploads\/2025\/05\/ICI-ARMORIQUE-scaled-1-1024x734.jpg 1024w, http:\/\/www.eveilceramique.fr\/wp-content\/uploads\/2025\/05\/ICI-ARMORIQUE-scaled-1-300x215.jpg 300w, http:\/\/www.eveilceramique.fr\/wp-content\/uploads\/2025\/05\/ICI-ARMORIQUE-scaled-1-150x108.jpg 150w, http:\/\/www.eveilceramique.fr\/wp-content\/uploads\/2025\/05\/ICI-ARMORIQUE-scaled-1-768x551.jpg 768w, http:\/\/www.eveilceramique.fr\/wp-content\/uploads\/2025\/05\/ICI-ARMORIQUE-scaled-1-1536x1102.jpg 1536w, http:\/\/www.eveilceramique.fr\/wp-content\/uploads\/2025\/05\/ICI-ARMORIQUE-scaled-1-2048x1469.jpg 2048w, http:\/\/www.eveilceramique.fr\/wp-content\/uploads\/2025\/05\/ICI-ARMORIQUE-scaled-1-1140x818.jpg 1140w\" sizes=\"auto, (max-width: 1024px) 100vw, 1024px\" \/><\/figure>\n\n\n\n<figure class=\"wp-block-image size-large\"><img loading=\"lazy\" decoding=\"async\" width=\"1024\" height=\"390\" data-id=\"254\" src=\"http:\/\/www.eveilceramique.fr\/wp-content\/uploads\/2024\/11\/Capture-decran-2024-11-29-a-16.35.31-1024x390.png\" alt=\"\" class=\"wp-image-254\" srcset=\"http:\/\/www.eveilceramique.fr\/wp-content\/uploads\/2024\/11\/Capture-decran-2024-11-29-a-16.35.31-1024x390.png 1024w, http:\/\/www.eveilceramique.fr\/wp-content\/uploads\/2024\/11\/Capture-decran-2024-11-29-a-16.35.31-300x114.png 300w, http:\/\/www.eveilceramique.fr\/wp-content\/uploads\/2024\/11\/Capture-decran-2024-11-29-a-16.35.31-768x292.png 768w, http:\/\/www.eveilceramique.fr\/wp-content\/uploads\/2024\/11\/Capture-decran-2024-11-29-a-16.35.31-1536x585.png 1536w, http:\/\/www.eveilceramique.fr\/wp-content\/uploads\/2024\/11\/Capture-decran-2024-11-29-a-16.35.31-1140x434.png 1140w, http:\/\/www.eveilceramique.fr\/wp-content\/uploads\/2024\/11\/Capture-decran-2024-11-29-a-16.35.31.png 1960w\" sizes=\"auto, (max-width: 1024px) 100vw, 1024px\" \/><\/figure>\n\n\n\n<figure class=\"wp-block-image size-large\"><img loading=\"lazy\" decoding=\"async\" width=\"491\" height=\"200\" data-id=\"260\" src=\"http:\/\/www.eveilceramique.fr\/wp-content\/uploads\/2024\/11\/IMG_0886.png\" alt=\"\" class=\"wp-image-260\" srcset=\"http:\/\/www.eveilceramique.fr\/wp-content\/uploads\/2024\/11\/IMG_0886.png 491w, http:\/\/www.eveilceramique.fr\/wp-content\/uploads\/2024\/11\/IMG_0886-300x122.png 300w\" sizes=\"auto, (max-width: 491px) 100vw, 491px\" \/><\/figure>\n\n\n\n<figure class=\"wp-block-image size-large\"><img loading=\"lazy\" decoding=\"async\" width=\"205\" height=\"85\" data-id=\"258\" src=\"http:\/\/www.eveilceramique.fr\/wp-content\/uploads\/2024\/11\/IMG_0884.jpeg\" alt=\"\" class=\"wp-image-258\"\/><\/figure>\n\n\n\n<figure class=\"wp-block-image size-full\"><img loading=\"lazy\" decoding=\"async\" width=\"1080\" height=\"1080\" data-id=\"270\" src=\"http:\/\/www.eveilceramique.fr\/wp-content\/uploads\/2024\/11\/Eveil-Ceramique-feed-insta-.png.jpeg\" alt=\"\" class=\"wp-image-270\" srcset=\"http:\/\/www.eveilceramique.fr\/wp-content\/uploads\/2024\/11\/Eveil-Ceramique-feed-insta-.png.jpeg 1080w, http:\/\/www.eveilceramique.fr\/wp-content\/uploads\/2024\/11\/Eveil-Ceramique-feed-insta-.png-300x300.jpeg 300w, http:\/\/www.eveilceramique.fr\/wp-content\/uploads\/2024\/11\/Eveil-Ceramique-feed-insta-.png-1024x1024.jpeg 1024w, http:\/\/www.eveilceramique.fr\/wp-content\/uploads\/2024\/11\/Eveil-Ceramique-feed-insta-.png-150x150.jpeg 150w, http:\/\/www.eveilceramique.fr\/wp-content\/uploads\/2024\/11\/Eveil-Ceramique-feed-insta-.png-768x768.jpeg 768w, http:\/\/www.eveilceramique.fr\/wp-content\/uploads\/2024\/11\/Eveil-Ceramique-feed-insta-.png-75x75.jpeg 75w\" sizes=\"auto, (max-width: 1080px) 100vw, 1080px\" \/><\/figure>\n\n\n\n<figure class=\"wp-block-image size-large\"><img loading=\"lazy\" decoding=\"async\" width=\"320\" height=\"320\" data-id=\"257\" src=\"http:\/\/www.eveilceramique.fr\/wp-content\/uploads\/2024\/11\/IMG_0883.jpg\" alt=\"\" class=\"wp-image-257\" srcset=\"http:\/\/www.eveilceramique.fr\/wp-content\/uploads\/2024\/11\/IMG_0883.jpg 320w, http:\/\/www.eveilceramique.fr\/wp-content\/uploads\/2024\/11\/IMG_0883-300x300.jpg 300w, http:\/\/www.eveilceramique.fr\/wp-content\/uploads\/2024\/11\/IMG_0883-150x150.jpg 150w, http:\/\/www.eveilceramique.fr\/wp-content\/uploads\/2024\/11\/IMG_0883-75x75.jpg 75w\" sizes=\"auto, (max-width: 320px) 100vw, 320px\" \/><\/figure>\n\n\n\n<figure class=\"wp-block-image size-large\"><img loading=\"lazy\" decoding=\"async\" width=\"1127\" height=\"1127\" data-id=\"268\" src=\"http:\/\/www.eveilceramique.fr\/wp-content\/uploads\/2024\/11\/467302905_17977774622787084_4543559885734772991_n-edited.jpg\" alt=\"\" class=\"wp-image-268\" srcset=\"http:\/\/www.eveilceramique.fr\/wp-content\/uploads\/2024\/11\/467302905_17977774622787084_4543559885734772991_n-edited.jpg 1127w, http:\/\/www.eveilceramique.fr\/wp-content\/uploads\/2024\/11\/467302905_17977774622787084_4543559885734772991_n-edited-300x300.jpg 300w, http:\/\/www.eveilceramique.fr\/wp-content\/uploads\/2024\/11\/467302905_17977774622787084_4543559885734772991_n-edited-1024x1024.jpg 1024w, http:\/\/www.eveilceramique.fr\/wp-content\/uploads\/2024\/11\/467302905_17977774622787084_4543559885734772991_n-edited-150x150.jpg 150w, http:\/\/www.eveilceramique.fr\/wp-content\/uploads\/2024\/11\/467302905_17977774622787084_4543559885734772991_n-edited-768x768.jpg 768w, http:\/\/www.eveilceramique.fr\/wp-content\/uploads\/2024\/11\/467302905_17977774622787084_4543559885734772991_n-edited-75x75.jpg 75w\" sizes=\"auto, (max-width: 1127px) 100vw, 1127px\" \/><\/figure>\n<\/figure>\n\n\n\n<p class=\"has-medium-font-size\" style=\"letter-spacing:2px\"><br>MERCI \u00e0 nos partenaires et sponsors pour leur soutien indispensable ! <br>Gr\u00e2ce \u00e0 vous, cette belle aventure est possible !<br><br>Atelier d\u2019Art de France&nbsp;<br><a href=\"https:\/\/ateliersdart.com\">https:\/\/ateliersdart.com<\/a><br><br>Argile Bretagne<br><a href=\"https:\/\/www.argile-bretagne.com\/\">https:\/\/www.argile-bretagne.com\/<\/a><br><br>Dinan Agglom\u00e9ration<br><a href=\"https:\/\/www.dinan-agglomeration.fr\/\">https:\/\/www.dinan-agglomeration.fr\/<\/a><br><br>Commune de Corseul<br><a href=\"https:\/\/www.corseul.fr\/\">https:\/\/www.corseul.fr\/<\/a><br><br>Coriosolis<br><br>Como C\u00e9ramique<br><a href=\"https:\/\/www.como-ceramique.com\">https:\/\/www.como-ceramique.com<\/a><br><br>Journ\u00e9es Europ\u00e9ennes de l\u2019Arch\u00e9ologie<br><a href=\"https:\/\/journees-archeologie.eu\/\">https:\/\/journees-archeologie.eu\/<\/a><br><br>Ici Armorique<br><a href=\"https:\/\/www.francebleu.fr\/radio\/armorique\">https:\/\/www.francebleu.fr\/radio\/armorique<\/a><br><br><br>Merci pour votre g\u00e9n\u00e9rosit\u00e9 et votre engagement !<br><\/p>\n\n\n\n<p><\/p>\n","protected":false},"excerpt":{"rendered":"<p>Nos partenaires \/\/ \u2028 \u00c9veil C\u00e9ramique, march\u00e9 de potiers \u00e0 Corseul\u2028 13 &amp; 14 Juin 2026 MERCI \u00e0 nos partenaires et sponsors pour leur soutien indispensable ! Gr\u00e2ce \u00e0 vous, cette belle aventure est possible ! Atelier d\u2019Art de France&nbsp;https:\/\/ateliersdart.com Argile Bretagnehttps:\/\/www.argile-bretagne.com\/ Dinan Agglom\u00e9rationhttps:\/\/www.dinan-agglomeration.fr\/ Commune de Corseulhttps:\/\/www.corseul.fr\/ Coriosolis Como C\u00e9ramiquehttps:\/\/www.como-ceramique.com Journ\u00e9es Europ\u00e9ennes de l\u2019Arch\u00e9ologiehttps:\/\/journees-archeologie.eu\/ Ici Armoriquehttps:\/\/www.francebleu.fr\/radio\/armorique Merci pour votre g\u00e9n\u00e9rosit\u00e9 et votre engagement !<\/p>\n","protected":false},"author":3,"featured_media":0,"parent":23,"menu_order":0,"comment_status":"closed","ping_status":"closed","template":"","meta":{"footnotes":""},"class_list":["post-248","page","type-page","status-publish","hentry"],"_links":{"self":[{"href":"http:\/\/www.eveilceramique.fr\/index.php\/wp-json\/wp\/v2\/pages\/248","targetHints":{"allow":["GET"]}}],"collection":[{"href":"http:\/\/www.eveilceramique.fr\/index.php\/wp-json\/wp\/v2\/pages"}],"about":[{"href":"http:\/\/www.eveilceramique.fr\/index.php\/wp-json\/wp\/v2\/types\/page"}],"author":[{"embeddable":true,"href":"http:\/\/www.eveilceramique.fr\/index.php\/wp-json\/wp\/v2\/users\/3"}],"replies":[{"embeddable":true,"href":"http:\/\/www.eveilceramique.fr\/index.php\/wp-json\/wp\/v2\/comments?post=248"}],"version-history":[{"count":14,"href":"http:\/\/www.eveilceramique.fr\/index.php\/wp-json\/wp\/v2\/pages\/248\/revisions"}],"predecessor-version":[{"id":547,"href":"http:\/\/www.eveilceramique.fr\/index.php\/wp-json\/wp\/v2\/pages\/248\/revisions\/547"}],"up":[{"embeddable":true,"href":"http:\/\/www.eveilceramique.fr\/index.php\/wp-json\/wp\/v2\/pages\/23"}],"wp:attachment":[{"href":"http:\/\/www.eveilceramique.fr\/index.php\/wp-json\/wp\/v2\/media?parent=248"}],"curies":[{"name":"wp","href":"https:\/\/api.w.org\/{rel}","templated":true}]}}

<p class="has-large-font-size" style="letter-spacing:2px"><strong>Nos partenaires //  </strong><br><br><strong>Éveil Céramique, marché de potiers à Corseul </strong><br><br><strong>13 &amp; 14 Juin 2026</strong></p>



<div style="height:80px" aria-hidden="true" class="wp-block-spacer"></div>



<div class="wp-block-columns is-layout-flex wp-container-core-columns-is-layout-9d6595d7 wp-block-columns-is-layout-flex">
<div class="wp-block-column is-layout-flow wp-block-column-is-layout-flow" style="flex-basis:100%"></div>
</div>



<figure class="wp-block-gallery has-nested-images columns-default is-cropped wp-block-gallery-1 is-layout-flex wp-block-gallery-is-layout-flex">
<figure class="wp-block-image size-large"><img loading="lazy" decoding="async" width="500" height="500" data-id="253" src="http://www.eveilceramique.fr/wp-content/uploads/2024/11/IMG_0707-1.jpg" alt="" class="wp-image-253" srcset="http://www.eveilceramique.fr/wp-content/uploads/2024/11/IMG_0707-1.jpg 500w, http://www.eveilceramique.fr/wp-content/uploads/2024/11/IMG_0707-1-300x300.jpg 300w, http://www.eveilceramique.fr/wp-content/uploads/2024/11/IMG_0707-1-150x150.jpg 150w, http://www.eveilceramique.fr/wp-content/uploads/2024/11/IMG_0707-1-75x75.jpg 75w" sizes="auto, (max-width: 500px) 100vw, 500px" /></figure>



<figure class="wp-block-image size-large"><img loading="lazy" decoding="async" width="512" height="512" data-id="255" src="http://www.eveilceramique.fr/wp-content/uploads/2024/11/IMG_0709.jpg" alt="" class="wp-image-255" srcset="http://www.eveilceramique.fr/wp-content/uploads/2024/11/IMG_0709.jpg 512w, http://www.eveilceramique.fr/wp-content/uploads/2024/11/IMG_0709-300x300.jpg 300w, http://www.eveilceramique.fr/wp-content/uploads/2024/11/IMG_0709-150x150.jpg 150w, http://www.eveilceramique.fr/wp-content/uploads/2024/11/IMG_0709-75x75.jpg 75w" sizes="auto, (max-width: 512px) 100vw, 512px" /></figure>



<figure class="wp-block-image size-large"><img loading="lazy" decoding="async" width="1024" height="734" data-id="481" src="http://www.eveilceramique.fr/wp-content/uploads/2025/05/ICI-ARMORIQUE-scaled-1-1024x734.jpg" alt="" class="wp-image-481" srcset="http://www.eveilceramique.fr/wp-content/uploads/2025/05/ICI-ARMORIQUE-scaled-1-1024x734.jpg 1024w, http://www.eveilceramique.fr/wp-content/uploads/2025/05/ICI-ARMORIQUE-scaled-1-300x215.jpg 300w, http://www.eveilceramique.fr/wp-content/uploads/2025/05/ICI-ARMORIQUE-scaled-1-150x108.jpg 150w, http://www.eveilceramique.fr/wp-content/uploads/2025/05/ICI-ARMORIQUE-scaled-1-768x551.jpg 768w, http://www.eveilceramique.fr/wp-content/uploads/2025/05/ICI-ARMORIQUE-scaled-1-1536x1102.jpg 1536w, http://www.eveilceramique.fr/wp-content/uploads/2025/05/ICI-ARMORIQUE-scaled-1-2048x1469.jpg 2048w, http://www.eveilceramique.fr/wp-content/uploads/2025/05/ICI-ARMORIQUE-scaled-1-1140x818.jpg 1140w" sizes="auto, (max-width: 1024px) 100vw, 1024px" /></figure>



<figure class="wp-block-image size-large"><img loading="lazy" decoding="async" width="1024" height="390" data-id="254" src="http://www.eveilceramique.fr/wp-content/uploads/2024/11/Capture-decran-2024-11-29-a-16.35.31-1024x390.png" alt="" class="wp-image-254" srcset="http://www.eveilceramique.fr/wp-content/uploads/2024/11/Capture-decran-2024-11-29-a-16.35.31-1024x390.png 1024w, http://www.eveilceramique.fr/wp-content/uploads/2024/11/Capture-decran-2024-11-29-a-16.35.31-300x114.png 300w, http://www.eveilceramique.fr/wp-content/uploads/2024/11/Capture-decran-2024-11-29-a-16.35.31-768x292.png 768w, http://www.eveilceramique.fr/wp-content/uploads/2024/11/Capture-decran-2024-11-29-a-16.35.31-1536x585.png 1536w, http://www.eveilceramique.fr/wp-content/uploads/2024/11/Capture-decran-2024-11-29-a-16.35.31-1140x434.png 1140w, http://www.eveilceramique.fr/wp-content/uploads/2024/11/Capture-decran-2024-11-29-a-16.35.31.png 1960w" sizes="auto, (max-width: 1024px) 100vw, 1024px" /></figure>



<figure class="wp-block-image size-large"><img loading="lazy" decoding="async" width="491" height="200" data-id="260" src="http://www.eveilceramique.fr/wp-content/uploads/2024/11/IMG_0886.png" alt="" class="wp-image-260" srcset="http://www.eveilceramique.fr/wp-content/uploads/2024/11/IMG_0886.png 491w, http://www.eveilceramique.fr/wp-content/uploads/2024/11/IMG_0886-300x122.png 300w" sizes="auto, (max-width: 491px) 100vw, 491px" /></figure>



<figure class="wp-block-image size-large"><img loading="lazy" decoding="async" width="205" height="85" data-id="258" src="http://www.eveilceramique.fr/wp-content/uploads/2024/11/IMG_0884.jpeg" alt="" class="wp-image-258"/></figure>



<figure class="wp-block-image size-full"><img loading="lazy" decoding="async" width="1080" height="1080" data-id="270" src="http://www.eveilceramique.fr/wp-content/uploads/2024/11/Eveil-Ceramique-feed-insta-.png.jpeg" alt="" class="wp-image-270" srcset="http://www.eveilceramique.fr/wp-content/uploads/2024/11/Eveil-Ceramique-feed-insta-.png.jpeg 1080w, http://www.eveilceramique.fr/wp-content/uploads/2024/11/Eveil-Ceramique-feed-insta-.png-300x300.jpeg 300w, http://www.eveilceramique.fr/wp-content/uploads/2024/11/Eveil-Ceramique-feed-insta-.png-1024x1024.jpeg 1024w, http://www.eveilceramique.fr/wp-content/uploads/2024/11/Eveil-Ceramique-feed-insta-.png-150x150.jpeg 150w, http://www.eveilceramique.fr/wp-content/uploads/2024/11/Eveil-Ceramique-feed-insta-.png-768x768.jpeg 768w, http://www.eveilceramique.fr/wp-content/uploads/2024/11/Eveil-Ceramique-feed-insta-.png-75x75.jpeg 75w" sizes="auto, (max-width: 1080px) 100vw, 1080px" /></figure>



<figure class="wp-block-image size-large"><img loading="lazy" decoding="async" width="320" height="320" data-id="257" src="http://www.eveilceramique.fr/wp-content/uploads/2024/11/IMG_0883.jpg" alt="" class="wp-image-257" srcset="http://www.eveilceramique.fr/wp-content/uploads/2024/11/IMG_0883.jpg 320w, http://www.eveilceramique.fr/wp-content/uploads/2024/11/IMG_0883-300x300.jpg 300w, http://www.eveilceramique.fr/wp-content/uploads/2024/11/IMG_0883-150x150.jpg 150w, http://www.eveilceramique.fr/wp-content/uploads/2024/11/IMG_0883-75x75.jpg 75w" sizes="auto, (max-width: 320px) 100vw, 320px" /></figure>



<figure class="wp-block-image size-large"><img loading="lazy" decoding="async" width="1127" height="1127" data-id="268" src="http://www.eveilceramique.fr/wp-content/uploads/2024/11/467302905_17977774622787084_4543559885734772991_n-edited.jpg" alt="" class="wp-image-268" srcset="http://www.eveilceramique.fr/wp-content/uploads/2024/11/467302905_17977774622787084_4543559885734772991_n-edited.jpg 1127w, http://www.eveilceramique.fr/wp-content/uploads/2024/11/467302905_17977774622787084_4543559885734772991_n-edited-300x300.jpg 300w, http://www.eveilceramique.fr/wp-content/uploads/2024/11/467302905_17977774622787084_4543559885734772991_n-edited-1024x1024.jpg 1024w, http://www.eveilceramique.fr/wp-content/uploads/2024/11/467302905_17977774622787084_4543559885734772991_n-edited-150x150.jpg 150w, http://www.eveilceramique.fr/wp-content/uploads/2024/11/467302905_17977774622787084_4543559885734772991_n-edited-768x768.jpg 768w, http://www.eveilceramique.fr/wp-content/uploads/2024/11/467302905_17977774622787084_4543559885734772991_n-edited-75x75.jpg 75w" sizes="auto, (max-width: 1127px) 100vw, 1127px" /></figure>
</figure>



<p class="has-medium-font-size" style="letter-spacing:2px"><br>MERCI à nos partenaires et sponsors pour leur soutien indispensable ! <br>Grâce à vous, cette belle aventure est possible !<br><br>Atelier d’Art de France&nbsp;<br><a href="https://ateliersdart.com">https://ateliersdart.com</a><br><br>Argile Bretagne<br><a href="https://www.argile-bretagne.com/">https://www.argile-bretagne.com/</a><br><br>Dinan Agglomération<br><a href="https://www.dinan-agglomeration.fr/">https://www.dinan-agglomeration.fr/</a><br><br>Commune de Corseul<br><a href="https://www.corseul.fr/">https://www.corseul.fr/</a><br><br>Coriosolis<br><br>Como Céramique<br><a href="https://www.como-ceramique.com">https://www.como-ceramique.com</a><br><br>Journées Européennes de l’Archéologie<br><a href="https://journees-archeologie.eu/">https://journees-archeologie.eu/</a><br><br>Ici Armorique<br><a href="https://www.francebleu.fr/radio/armorique">https://www.francebleu.fr/radio/armorique</a><br><br><br>Merci pour votre générosité et votre engagement !<br></p>



<p></p>

<p>Nos partenaires //   Éveil Céramique, marché de potiers à Corseul  13 &amp; 14 Juin 2026 MERCI à nos partenaires et sponsors pour leur soutien indispensable ! Grâce à vous, cette belle aventure est possible ! Atelier d’Art de France&nbsp;https://ateliersdart.com Argile Bretagnehttps://www.argile-bretagne.com/ Dinan Agglomérationhttps://www.dinan-agglomeration.fr/ Commune de Corseulhttps://www.corseul.fr/ Coriosolis Como Céramiquehttps://www.como-ceramique.com Journées Européennes de l’Archéologiehttps://journees-archeologie.eu/ Ici Armoriquehttps://www.francebleu.fr/radio/armorique Merci pour votre générosité et votre engagement !</p>
