{"id":2,"date":"2024-02-27T18:33:19","date_gmt":"2024-02-27T17:33:19","guid":{"rendered":"http:\/\/www.eveilceramique.fr\/eveilceramique\/?page_id=2"},"modified":"2025-12-16T20:37:42","modified_gmt":"2025-12-16T19:37:42","slug":"notre-equipe","status":"publish","type":"page","link":"http:\/\/www.eveilceramique.fr\/index.php\/notre-equipe\/","title":{"rendered":"Notre \u00e9quipe"},"content":{"rendered":"\n<p class=\"has-large-font-size\" style=\"font-style:normal;font-weight:300;letter-spacing:2px\"><strong>Notre \u00e9quipe \/\/ \u2028<\/strong><br><br><strong>\u00c9veil C\u00e9ramique, march\u00e9 de potiers \u00e0 Corseul\u2028<\/strong><br><br><strong>13 &amp; 14 Juin 2026<\/strong><\/p>\n\n\n\n<div style=\"height:80px\" aria-hidden=\"true\" class=\"wp-block-spacer\"><\/div>\n\n\n\n<p class=\"has-medium-font-size\" style=\"letter-spacing:2px\">Nouvelle affiche, nouvelle identit\u00e9, nouvelle \u00e9quipe !<\/p>\n\n\n\n<div style=\"height:25px\" aria-hidden=\"true\" class=\"wp-block-spacer\"><\/div>\n\n\n\n<div class=\"wp-block-media-text is-stacked-on-mobile\" style=\"grid-template-columns:35% auto\"><figure class=\"wp-block-media-text__media\"><img loading=\"lazy\" decoding=\"async\" width=\"819\" height=\"1024\" src=\"http:\/\/www.eveilceramique.fr\/wp-content\/uploads\/2025\/05\/80-819x1024.png\" alt=\"\" class=\"wp-image-495 size-full\" srcset=\"http:\/\/www.eveilceramique.fr\/wp-content\/uploads\/2025\/05\/80-819x1024.png 819w, http:\/\/www.eveilceramique.fr\/wp-content\/uploads\/2025\/05\/80-240x300.png 240w, http:\/\/www.eveilceramique.fr\/wp-content\/uploads\/2025\/05\/80-120x150.png 120w, http:\/\/www.eveilceramique.fr\/wp-content\/uploads\/2025\/05\/80-768x960.png 768w, http:\/\/www.eveilceramique.fr\/wp-content\/uploads\/2025\/05\/80.png 1080w\" sizes=\"auto, (max-width: 819px) 100vw, 819px\" \/><\/figure><div class=\"wp-block-media-text__content\">\n<p class=\"has-medium-font-size\" style=\"letter-spacing:2px\"><strong>Sandra <\/strong>et<strong> Corentin Vincent<\/strong> &#8211; <em>La Poterie de Sandra &amp; Co<\/em> (Corseul &#8211; 22)<br><br>Sandra et Corentin sont \u00e0 l\u2019initiative d\u2019\u00c9veil C\u00e9ramique. \u2028Depuis la premi\u00e8re \u00e9dition, leur volont\u00e9 de cr\u00e9er un espace d\u2019\u00e9change autour de la c\u00e9ramique les a guid\u00e9 dans l\u2019organisation de ce march\u00e9.<br><br><em>Instagram<\/em> : <a href=\"https:\/\/www.instagram.com\/lapoteriedesandraandco\/\">https:\/\/www.instagram.com\/lapoteriedesandraandco\/<\/a><br><br><em>Site<\/em> : <br><a href=\"https:\/\/lapoteriedesandra.fr\">https:\/\/lapoteriedesandra.fr<\/a><\/p>\n<\/div><\/div>\n\n\n\n<div class=\"wp-block-media-text is-stacked-on-mobile\" style=\"grid-template-columns:35% auto\"><figure class=\"wp-block-media-text__media\"><img loading=\"lazy\" decoding=\"async\" width=\"819\" height=\"1024\" src=\"http:\/\/www.eveilceramique.fr\/wp-content\/uploads\/2025\/05\/81-819x1024.png\" alt=\"\" class=\"wp-image-496 size-full\" srcset=\"http:\/\/www.eveilceramique.fr\/wp-content\/uploads\/2025\/05\/81-819x1024.png 819w, http:\/\/www.eveilceramique.fr\/wp-content\/uploads\/2025\/05\/81-240x300.png 240w, http:\/\/www.eveilceramique.fr\/wp-content\/uploads\/2025\/05\/81-120x150.png 120w, http:\/\/www.eveilceramique.fr\/wp-content\/uploads\/2025\/05\/81-768x960.png 768w, http:\/\/www.eveilceramique.fr\/wp-content\/uploads\/2025\/05\/81.png 1080w\" sizes=\"auto, (max-width: 819px) 100vw, 819px\" \/><\/figure><div class=\"wp-block-media-text__content\">\n<p class=\"has-medium-font-size\" style=\"letter-spacing:2px\"><strong>Tanawel Bricheteau<\/strong> (Dinan &#8211; 22)<br><br><em>Instagram<\/em> : <a href=\"https:\/\/www.instagram.com\/tanawel_porcelaine\/\">https:\/\/www.instagram.com\/tanawel_porcelaine\/<\/a><br><br><em>Site<\/em> : <a href=\"https:\/\/tanawel.com\">https:\/\/tanawel.com<\/a><\/p>\n<\/div><\/div>\n\n\n\n<div style=\"height:40px\" aria-hidden=\"true\" class=\"wp-block-spacer\"><\/div>\n\n\n\n<div class=\"wp-block-media-text is-stacked-on-mobile\" style=\"grid-template-columns:35% auto\"><figure class=\"wp-block-media-text__media\"><img loading=\"lazy\" decoding=\"async\" width=\"819\" height=\"1024\" src=\"http:\/\/www.eveilceramique.fr\/wp-content\/uploads\/2025\/05\/78-819x1024.png\" alt=\"\" class=\"wp-image-493 size-full\" srcset=\"http:\/\/www.eveilceramique.fr\/wp-content\/uploads\/2025\/05\/78-819x1024.png 819w, http:\/\/www.eveilceramique.fr\/wp-content\/uploads\/2025\/05\/78-240x300.png 240w, http:\/\/www.eveilceramique.fr\/wp-content\/uploads\/2025\/05\/78-120x150.png 120w, http:\/\/www.eveilceramique.fr\/wp-content\/uploads\/2025\/05\/78-768x960.png 768w, http:\/\/www.eveilceramique.fr\/wp-content\/uploads\/2025\/05\/78.png 1080w\" sizes=\"auto, (max-width: 819px) 100vw, 819px\" \/><\/figure><div class=\"wp-block-media-text__content\">\n<p class=\"has-medium-font-size\" style=\"letter-spacing:2px\"><strong>Th\u00e9o Labrunie<\/strong> (Tr\u00e9m\u00e9reuc &#8211; 22)<br><br><em>Instagram<\/em> : <a href=\"https:\/\/www.instagram.com\/theo.labrunie.ceramique\/\">https:\/\/www.instagram.com\/theo.labrunie.ceramique\/<\/a>\u2028\u2028<\/p>\n<\/div><\/div>\n\n\n\n<p class=\"has-medium-font-size\" style=\"letter-spacing:2px\"><br><br>Pour cette deuxi\u00e8me ann\u00e9e dans l\u2019\u00e9quipe, Tanawel et Th\u00e9o \u00e9paulent Sandra et Corentin dans l\u2019organisation.<br>En plus de contribuer \u00e0 la pr\u00e9paration g\u00e9n\u00e9rale, ils apportent leur regard sur l\u2019identit\u00e9 visuelle et la communication du march\u00e9.<br><br><strong>\u00c9veil C\u00e9ramique<\/strong> n\u2019existerait pas sans cette belle synergie collective, ni sans l\u2019aide pr\u00e9cieuse de nos b\u00e9n\u00e9voles. Si vous souhaitez nous soutenir, n\u2019h\u00e9sitez pas \u00e0 partager l\u2019\u00e9v\u00e9nement autour de vous et \u00e0 en parler \u00e0 vos proches !<\/p>\n\n\n\n<p><\/p>\n","protected":false},"excerpt":{"rendered":"<p>Notre \u00e9quipe \/\/ \u2028 \u00c9veil C\u00e9ramique, march\u00e9 de potiers \u00e0 Corseul\u2028 13 &amp; 14 Juin 2026 Nouvelle affiche, nouvelle identit\u00e9, nouvelle \u00e9quipe ! Sandra et Corentin Vincent &#8211; La Poterie de Sandra &amp; Co (Corseul &#8211; 22) Sandra et Corentin sont \u00e0 l\u2019initiative d\u2019\u00c9veil C\u00e9ramique. \u2028Depuis la premi\u00e8re \u00e9dition, leur volont\u00e9 de cr\u00e9er un espace d\u2019\u00e9change autour de la c\u00e9ramique les a guid\u00e9 dans l\u2019organisation de ce march\u00e9. Instagram : https:\/\/www.instagram.com\/lapoteriedesandraandco\/ Site : https:\/\/lapoteriedesandra.fr Tanawel Bricheteau (Dinan &#8211; 22) Instagram : https:\/\/www.instagram.com\/tanawel_porcelaine\/ Site : https:\/\/tanawel.com Th\u00e9o Labrunie (Tr\u00e9m\u00e9reuc &#8211; 22) Instagram : https:\/\/www.instagram.com\/theo.labrunie.ceramique\/\u2028\u2028 Pour cette deuxi\u00e8me ann\u00e9e dans l\u2019\u00e9quipe, Tanawel et Th\u00e9o \u00e9paulent Sandra et Corentin dans l\u2019organisation.En plus de contribuer \u00e0 la pr\u00e9paration g\u00e9n\u00e9rale, ils apportent leur regard sur l\u2019identit\u00e9 visuelle et la communication du march\u00e9. \u00c9veil C\u00e9ramique n\u2019existerait pas sans cette belle synergie collective, ni sans l\u2019aide pr\u00e9cieuse de nos b\u00e9n\u00e9voles. Si vous souhaitez nous soutenir, n\u2019h\u00e9sitez pas \u00e0 partager l\u2019\u00e9v\u00e9nement autour de vous et \u00e0 en parler \u00e0 vos proches !<\/p>\n","protected":false},"author":1,"featured_media":0,"parent":0,"menu_order":0,"comment_status":"closed","ping_status":"closed","template":"","meta":{"footnotes":""},"class_list":["post-2","page","type-page","status-publish","hentry"],"_links":{"self":[{"href":"http:\/\/www.eveilceramique.fr\/index.php\/wp-json\/wp\/v2\/pages\/2","targetHints":{"allow":["GET"]}}],"collection":[{"href":"http:\/\/www.eveilceramique.fr\/index.php\/wp-json\/wp\/v2\/pages"}],"about":[{"href":"http:\/\/www.eveilceramique.fr\/index.php\/wp-json\/wp\/v2\/types\/page"}],"author":[{"embeddable":true,"href":"http:\/\/www.eveilceramique.fr\/index.php\/wp-json\/wp\/v2\/users\/1"}],"replies":[{"embeddable":true,"href":"http:\/\/www.eveilceramique.fr\/index.php\/wp-json\/wp\/v2\/comments?post=2"}],"version-history":[{"count":25,"href":"http:\/\/www.eveilceramique.fr\/index.php\/wp-json\/wp\/v2\/pages\/2\/revisions"}],"predecessor-version":[{"id":581,"href":"http:\/\/www.eveilceramique.fr\/index.php\/wp-json\/wp\/v2\/pages\/2\/revisions\/581"}],"wp:attachment":[{"href":"http:\/\/www.eveilceramique.fr\/index.php\/wp-json\/wp\/v2\/media?parent=2"}],"curies":[{"name":"wp","href":"https:\/\/api.w.org\/{rel}","templated":true}]}}

Notre équipe

<p class="has-large-font-size" style="font-style:normal;font-weight:300;letter-spacing:2px"><strong>Notre équipe //  </strong><br><br><strong>Éveil Céramique, marché de potiers à Corseul </strong><br><br><strong>13 &amp; 14 Juin 2026</strong></p>



<div style="height:80px" aria-hidden="true" class="wp-block-spacer"></div>



<p class="has-medium-font-size" style="letter-spacing:2px">Nouvelle affiche, nouvelle identité, nouvelle équipe !</p>



<div style="height:25px" aria-hidden="true" class="wp-block-spacer"></div>



<div class="wp-block-media-text is-stacked-on-mobile" style="grid-template-columns:35% auto"><figure class="wp-block-media-text__media"><img loading="lazy" decoding="async" width="819" height="1024" src="http://www.eveilceramique.fr/wp-content/uploads/2025/05/80-819x1024.png" alt="" class="wp-image-495 size-full" srcset="http://www.eveilceramique.fr/wp-content/uploads/2025/05/80-819x1024.png 819w, http://www.eveilceramique.fr/wp-content/uploads/2025/05/80-240x300.png 240w, http://www.eveilceramique.fr/wp-content/uploads/2025/05/80-120x150.png 120w, http://www.eveilceramique.fr/wp-content/uploads/2025/05/80-768x960.png 768w, http://www.eveilceramique.fr/wp-content/uploads/2025/05/80.png 1080w" sizes="auto, (max-width: 819px) 100vw, 819px" /></figure><div class="wp-block-media-text__content">
<p class="has-medium-font-size" style="letter-spacing:2px"><strong>Sandra </strong>et<strong> Corentin Vincent</strong> &#8211; <em>La Poterie de Sandra &amp; Co</em> (Corseul &#8211; 22)<br><br>Sandra et Corentin sont à l’initiative d’Éveil Céramique.  Depuis la première édition, leur volonté de créer un espace d’échange autour de la céramique les a guidé dans l’organisation de ce marché.<br><br><em>Instagram</em> : <a href="https://www.instagram.com/lapoteriedesandraandco/">https://www.instagram.com/lapoteriedesandraandco/</a><br><br><em>Site</em> : <br><a href="https://lapoteriedesandra.fr">https://lapoteriedesandra.fr</a></p>
</div></div>



<div class="wp-block-media-text is-stacked-on-mobile" style="grid-template-columns:35% auto"><figure class="wp-block-media-text__media"><img loading="lazy" decoding="async" width="819" height="1024" src="http://www.eveilceramique.fr/wp-content/uploads/2025/05/81-819x1024.png" alt="" class="wp-image-496 size-full" srcset="http://www.eveilceramique.fr/wp-content/uploads/2025/05/81-819x1024.png 819w, http://www.eveilceramique.fr/wp-content/uploads/2025/05/81-240x300.png 240w, http://www.eveilceramique.fr/wp-content/uploads/2025/05/81-120x150.png 120w, http://www.eveilceramique.fr/wp-content/uploads/2025/05/81-768x960.png 768w, http://www.eveilceramique.fr/wp-content/uploads/2025/05/81.png 1080w" sizes="auto, (max-width: 819px) 100vw, 819px" /></figure><div class="wp-block-media-text__content">
<p class="has-medium-font-size" style="letter-spacing:2px"><strong>Tanawel Bricheteau</strong> (Dinan &#8211; 22)<br><br><em>Instagram</em> : <a href="https://www.instagram.com/tanawel_porcelaine/">https://www.instagram.com/tanawel_porcelaine/</a><br><br><em>Site</em> : <a href="https://tanawel.com">https://tanawel.com</a></p>
</div></div>



<div style="height:40px" aria-hidden="true" class="wp-block-spacer"></div>



<div class="wp-block-media-text is-stacked-on-mobile" style="grid-template-columns:35% auto"><figure class="wp-block-media-text__media"><img loading="lazy" decoding="async" width="819" height="1024" src="http://www.eveilceramique.fr/wp-content/uploads/2025/05/78-819x1024.png" alt="" class="wp-image-493 size-full" srcset="http://www.eveilceramique.fr/wp-content/uploads/2025/05/78-819x1024.png 819w, http://www.eveilceramique.fr/wp-content/uploads/2025/05/78-240x300.png 240w, http://www.eveilceramique.fr/wp-content/uploads/2025/05/78-120x150.png 120w, http://www.eveilceramique.fr/wp-content/uploads/2025/05/78-768x960.png 768w, http://www.eveilceramique.fr/wp-content/uploads/2025/05/78.png 1080w" sizes="auto, (max-width: 819px) 100vw, 819px" /></figure><div class="wp-block-media-text__content">
<p class="has-medium-font-size" style="letter-spacing:2px"><strong>Théo Labrunie</strong> (Tréméreuc &#8211; 22)<br><br><em>Instagram</em> : <a href="https://www.instagram.com/theo.labrunie.ceramique/">https://www.instagram.com/theo.labrunie.ceramique/</a>  </p>
</div></div>



<p class="has-medium-font-size" style="letter-spacing:2px"><br><br>Pour cette deuxième année dans l’équipe, Tanawel et Théo épaulent Sandra et Corentin dans l’organisation.<br>En plus de contribuer à la préparation générale, ils apportent leur regard sur l’identité visuelle et la communication du marché.<br><br><strong>Éveil Céramique</strong> n’existerait pas sans cette belle synergie collective, ni sans l’aide précieuse de nos bénévoles. Si vous souhaitez nous soutenir, n’hésitez pas à partager l’événement autour de vous et à en parler à vos proches !</p>



<p></p>

<p>Notre équipe //   Éveil Céramique, marché de potiers à Corseul  13 &amp; 14 Juin 2026 Nouvelle affiche, nouvelle identité, nouvelle équipe ! Sandra et Corentin Vincent &#8211; La Poterie de Sandra &amp; Co (Corseul &#8211; 22) Sandra et Corentin sont à l’initiative d’Éveil Céramique.  Depuis la première édition, leur volonté de créer un espace d’échange autour de la céramique les a guidé dans l’organisation de ce marché. Instagram : https://www.instagram.com/lapoteriedesandraandco/ Site : https://lapoteriedesandra.fr Tanawel Bricheteau (Dinan &#8211; 22) Instagram : https://www.instagram.com/tanawel_porcelaine/ Site : https://tanawel.com Théo Labrunie (Tréméreuc &#8211; 22) Instagram : https://www.instagram.com/theo.labrunie.ceramique/   Pour cette deuxième année dans l’équipe, Tanawel et Théo épaulent Sandra et Corentin dans l’organisation.En plus de contribuer à la préparation générale, ils apportent leur regard sur l’identité visuelle et la communication du marché. Éveil Céramique n’existerait pas sans cette belle synergie collective, ni sans l’aide précieuse de nos bénévoles. Si vous souhaitez nous soutenir, n’hésitez pas à partager l’événement autour de vous et à en parler à vos proches !</p>
